{"id":680,"date":"2021-04-12T10:46:45","date_gmt":"2021-04-12T09:46:45","guid":{"rendered":"https:\/\/saatgutvielfalt.oebz.de\/?page_id=680"},"modified":"2021-04-12T10:55:04","modified_gmt":"2021-04-12T09:55:04","slug":"5-saatgut-festival-2019","status":"publish","type":"page","link":"https:\/\/saatgutvielfalt.oebz.de\/index.php\/saatgut-festival\/5-saatgut-festival-2019\/","title":{"rendered":"5. Saatgut-Festival 2019"},"content":{"rendered":"\n<h2 class=\"wp-block-heading\">5. Saatgut-Festival am \u00d6BZ 2019<\/h2>\n\n\n\n<p>Seit Jahrhunderten vermehren Menschen weltweit ihr eigenes Saatgut zur Versorgung der Bev\u00f6lkerung und f\u00fcr den Eigengebrauch. Durch Selektion, Kreuzungen und durch die Weitergabe des Saatguts entstand eine Vielzahl samenfester Nutzpflanzen. Im Zuge der modernen Pflanzenz\u00fcchtung, die sich vorrangig auf die Anspr\u00fcche der industriellen Landwirtschaft ausrichtet, gehen unsere alten und nachbauf\u00e4higen Gem\u00fcsesorten zugunsten von Hybrid-Z\u00fcchtungen jedoch immer mehr verloren. Gleichzeitig verschwinden die Lebensr\u00e4ume vieler Insekten, darunter Wildbienen und Schmetterlinge, die f\u00fcr den Obst- und Gem\u00fcsebau wichtige Best\u00e4uber darstellen. So steht die Erhaltung der Vielfalt unserer Kulturpflanzen in enger Abh\u00e4ngigkeit mit der Erhaltung der nat\u00fcrlichen Biodiversit\u00e4t.<\/p>\n\n\n\n<p>Das 5. Saatgut-Festival am \u00d6BZ bot am Sonntag, den 24. Februar 2019 wiedermal ein interessantes Rahmenprogramm mit Infomarkt, Tauschb\u00f6rse, Vortr\u00e4gen, offener Kinderaktion und leckerem saisonalen Bio-Catering!<\/p>\n\n\n\n <iframe loading=\"lazy\" src=\"https:\/\/player.vimeo.com\/video\/319954704\" webkitallowfullscreen=\"\" mozallowfullscreen=\"\" allowfullscreen=\"\" width=\"640\" height=\"360\" frameborder=\"0\"><\/iframe>\n\n\n\n<p><strong>Das Programm<\/strong><\/p>\n\n\n\n<p><strong>10 bis 17 Uhr \/ Saatgutmarkt Vielfalt erhalten und genie\u00dfen!<\/strong><\/p>\n\n\n\n<p>Saatgut alter und regionaler Kulturpflanzen ist im Handel immer seltener erh\u00e4ltlich. Auf dem Markt des 5. Saatgut-Festivals im \u00d6BZ k\u00f6nnen Besucher\/innen die bunte Palette alter und samenfester Kultursorten, wie Hunderte von Tomatensorten, samenfeste Z\u00fcchtungen von Bingenheimer und Saatgut vieler seltener Gem\u00fcserarit\u00e4ten von regionalen und \u00f6kologischen Saatguterhalter\/innen f\u00fcr die kommende Saison erwerben. (Liste der Markt- und Infost\u00e4nde s.u.)<\/p>\n\n\n\n<p><strong>11 bis 16 Uhr \/ Vortragsreihe Saatgut ist Kulturgut<\/strong><\/p>\n\n\n\n<p>Eine interessante Vortragsreihe rund um das Thema Saatgut. Von der Sameng\u00e4rtnerei im eigenen Hausgarten und der Erhaltung alter Sorten in Gemeinschaftsg\u00e4rten, \u00fcber Wildblumensamen und Bienenweiden-Informationen, gentechnisch ver\u00e4ndertes Saatgut bis hin zur aktuellen Entwicklung in der Bio-Z\u00fcchtung reichen die Beitr\u00e4ge der Referent(inn)en und Saatguterhalter\/innen. (s.u.)<\/p>\n\n\n\n<p><strong>10 bis 13 Uhr \/ Saatgut-Tauschb\u00f6rse<\/strong><\/p>\n\n\n\n<p>Die Tauschb\u00f6rse l\u00e4dt alle G\u00e4rtnerinnen und G\u00e4rtner, die selber Saatgut vermehren und abgeben m\u00f6chten, zum Treffen und Austausch mit Gleichgesinnten ein. Auch Neueinsteiger*innen, die (noch) nichts zum Tauschen anbieten k\u00f6nnen, sind herzlich willkommen, da es erfahrungsgem\u00e4\u00df von einigen Sorten reichlich Saatgut gibt. <\/p>\n\n\n\n<p>Erg\u00e4nzend zur Tauschb\u00f6rse bietet die Ausstellung der Infobl\u00e4tter \u201eVielfalt erhalten \u2013 wie geht das?&#8220; vom Dachverband Kulturpflanzen- und Nutztiervielfalt e.V. sehr anschaulich Informationen zur Saatgutgewinnung und -vermehrung. Diese Infobl\u00e4tter sind gegen einen Unkostenbeitrag am VEN-Stand erh\u00e4ltlich und stehen auf der VEN-Website unter <a href=\"https:\/\/www.nutzpflanzenvielfalt.de\/vielfalt_bewahren\">https:\/\/www.nutzpflanzenvielfalt.de\/vielfalt_bewahren<\/a>zum Download bereit.<\/p>\n\n\n\n<p>Wir freuen uns auf regen Aus-Tausch!<\/p>\n\n\n\n<p><strong>14 bis 17 Uhr \/ Kindermitmachaktion: Saatkugeln und eigenes Minig\u00e4rtchen gestalten<\/strong><\/p>\n\n\n\n<p>Auf die Samen, fertig &#8211; los! Hier k\u00f6nnen Kinder die Wiesen und Beete in ihrer Umgebung vielf\u00e4ltiger machen. Wir bereiten bunte &#8222;Explosionen&#8220; vor, die im Fr\u00fchling ihre Wirkung nicht verfehlen! Samen, die von den G\u00e4rtner\/innen am \u00d6BZ im Herbst gesammelt wurden, bereiten die Kinder sorgsam vor und f\u00fcllen sie in selbst gestaltete Sament\u00fctchen zum Mitnehmen f\u00fcr den heimischen Balkon und Garten. Gem\u00fcsesamen werden gleich in die Erde gesetzt zum Vorziehen an der Fensterbank. \u00dcber das Heranziehen bunter Pflanzenteppiche f\u00f6rdern wir die Bienenweide und steigern das Nahrungsangebot f\u00fcr heimische Insekten. F\u00fcr \u00dcberraschungen werden die selbst geformten Saatkugeln sorgen..<\/p>\n\n\n\n<p><strong>Liste der Marktteilnehmer*innen<\/strong><\/p>\n\n\n\n<p><strong><\/strong><\/p>\n\n\n\n<figure class=\"wp-block-table\"><table><tbody><tr><td><a href=\"https:\/\/www.arche-noah.at\/\" target=\"_blank\" rel=\"noreferrer noopener\">Arche Noah<\/a><\/td><td>Vorstellung Erhalternetzwerk, Saatgut, B\u00fccher<\/td><\/tr><tr><td><a href=\"http:\/\/bio-kraeuter.de\/\" target=\"_blank\" rel=\"noreferrer noopener\">Biog\u00e4rtnerei Herb<\/a><\/td><td>Kr\u00e4uter- und Gem\u00fcsesamen<\/td><\/tr><tr><td><a target=\"_blank\" href=\"https:\/\/biobrandl.de\" rel=\"noreferrer noopener\">Biohof Brandl<\/a><\/td><td>Gebrannte Haseln\u00fcsse<\/td><\/tr><tr><td><a href=\"http:\/\/imkereipixis.de\/\" target=\"_blank\" rel=\"noreferrer noopener\">Demeter-Imkerei Pixis<\/a><\/td><td>Infostand und Honig<\/td><\/tr><tr><td><a href=\"https:\/\/www.oebz.de\/default.asp?Menue=246\" target=\"_blank\" rel=\"noreferrer noopener\">Experimentiergarten am \u00d6BZ<\/a><\/td><td>Projekt Bohnenvielfalt<\/td><\/tr><tr><td><a href=\"http:\/\/www.garten-des-lebens.de\/\" target=\"_blank\" rel=\"noreferrer noopener\">Garten des Lebens<\/a><\/td><td>Saatgut aus Erhaltungsanbau<\/td><\/tr><tr><td><a href=\"http:\/\/www.kartoffelhof-stoerkle.de\/\" target=\"_blank\" rel=\"noreferrer noopener\">Kartoffelhof St\u00f6rkle<\/a><\/td><td>Bunte Kartoffelvielfalt<\/td><\/tr><tr><td><a href=\"http:\/\/www.lilatomate.de\/\" target=\"_blank\" rel=\"noreferrer noopener\">Lila Tomate<\/a><\/td><td>Saatgut von \u00fcber 300 Tomaten, B\u00fccher<\/td><\/tr><tr><td><a href=\"http:\/\/www.ludwig-engelhart.de\/\" target=\"_blank\" rel=\"noreferrer noopener\">Tagwerk e.V.<\/a><\/td><td>Infostand mit Saatgut f\u00fcr eine Vielfalt auf Feldern, Wiesen, kommunalen Fl\u00e4chen und G\u00e4rten<\/td><\/tr><tr><td><a target=\"_blank\" href=\"http:\/\/www.naturgarten.org\/regionalgruppen\/muenchen.html\" rel=\"noreferrer noopener\">Naturgarten e.V., Regionalgruppe M\u00fcnchen und Netzwerk Bl\u00fchende Landschaft, Garching<\/a><\/td><td>Infostand<\/td><\/tr><tr><td><a href=\"http:\/\/oekom.de\/\" target=\"_blank\" rel=\"noreferrer noopener\">oekom Verlag<\/a><\/td><td>B\u00fccher und Zeitschriften<\/td><\/tr><tr><td><a href=\"http:\/\/www.oeko-und-fair.de\/?page_id=2\" target=\"_blank\" rel=\"noreferrer noopener\">\u00d6ko &amp; Fair<\/a><\/td><td>Samenfestes Saatgut, DVDs, B\u00fccher<\/td><\/tr><tr><td><a href=\"http:\/\/www.pflanzgutes.com\/wordpress\/\" target=\"_blank\" rel=\"noreferrer noopener\">Pflanz&#8216; Gutes<\/a><\/td><td>Gem\u00fcse- und Kr\u00e4utersamen aus Permakultur<\/td><\/tr><tr><td><a href=\"http:\/\/www.gartenschaetze.org\/\" target=\"_blank\" rel=\"noreferrer noopener\">Regenbogenschmiede<\/a><\/td><td>Vielfaltsaatgut, Kr\u00e4utertees u.a.<\/td><\/tr><tr><td>Rita Lichtenegger<\/td><td>Saatgut seltener und historischer Sorten<\/td><\/tr><tr><td><a href=\"http:\/\/slowfood-muenchen.de\/\" target=\"_blank\" rel=\"noreferrer noopener\">Slow Food M\u00fcnchen<\/a> &amp; <a href=\"http:\/\/www.genussgemeinschaft.de\/\" target=\"_blank\" rel=\"noreferrer noopener\">Genussgemeinschaft St\u00e4dter und Bauern e.V.<\/a><\/td><td>Gemeinsamer Infostand, Arche Saatgut<\/td><\/tr><tr><td><a href=\"http:\/\/urbane-gaerten-muenchen.de\/\" target=\"_blank\" rel=\"noreferrer noopener\">Urbane G\u00e4rten M\u00fcnchen<\/a><\/td><td>Infostand<\/td><\/tr><tr><td><a href=\"http:\/\/www.nutzpflanzenvielfalt.de\/\" target=\"_blank\" rel=\"noreferrer noopener\">VEN e.V., Regionalgruppe Markt Schwaben<\/a><\/td><td>Infostand<\/td><\/tr><\/tbody><\/table><\/figure>\n\n\n\n<p><strong>Vortragsprogramm (Stand 17.12.2018)<\/strong><\/p>\n\n\n\n<figure class=\"wp-block-table\"><table><tbody><tr><td><strong>Beginn<\/strong><\/td><td><strong>ReferentInnen<\/strong><\/td><td><strong>Thema\/Titel <\/strong><strong><\/strong><\/td><\/tr><tr><td>11 Uhr<\/td><td>Carmen Lefeber, Landschaftsarchitektin, Naturgarten e.V., Regionalgruppe M\u00fcnchen<\/td><td>Wie lege ich einen insektenfreundlichen (Natur-)Garten an?<\/td><\/tr><tr><td>12 Uhr<\/td><td>Christine Nimmerfall,<br>Lebendiges Naturerleben<\/td><td>G\u00e4rtnern auf kleinen urbanen Fl\u00e4chen<\/td><\/tr><tr><td>13 Uhr<\/td><td>Annette Holl\u00e4nder,<br>Garten des Lebens<\/td><td>Vielfalt erhalten \u2013 Sameng\u00e4rtnerei im Hausgarten<\/td><\/tr><tr><td>14 Uhr<\/td><td>Prof. Gerhard Haszprunar,<br>Direktor der Zoologischen Staatssammlung M\u00fcnchen<\/td><td>10 Tipps f\u00fcr Biodiversit\u00e4t f\u00fcr daheim und im Betrieb<\/td><\/tr><tr><td>15 Uhr<\/td><td>Rosa Kugler,<br>Tagwerk e.V.<\/td><td>Uns wird\u00b4s nicht zu bunt \u2013 Heimische Vielfalt auf \u00c4ckern, in Kommunen und privaten G\u00e4rten<\/td><\/tr><tr><td>16 Uhr<\/td><td>Christiane L\u00fcst,<br>\u00d6ko &amp; Fair<\/td><td>Insektensterben beenden \u2013 Handeln von Politik und Verbrauchern ist jetzt dringend gefragt<\/td><\/tr><\/tbody><\/table><\/figure>\n\n\n\n<p><strong>Saisonales Bio-Catering<\/strong><\/p>\n\n\n\n<p>Erstmals sorgt Bio-Foodtruck f\u00fcr das leibliche Wohl.<\/p>\n\n\n\n<p>&#8222;Wir sind der zertifizierte Bio-Foodtruck f\u00fcr M\u00fcnchen und Bayern.<br>Frisches bio Essen aus der Pfanne, aus dem Topf oder vom Grill.<br>M\u00f6glichst regional und saisonal.&#8220;<br><br><a href=\"http:\/\/www.biofoodtruck.net\" target=\"_blank\" rel=\"noreferrer noopener\">www.biofoodtruck.net<\/a><\/p>\n","protected":false},"excerpt":{"rendered":"<p>5. Saatgut-Festival am \u00d6BZ 2019 Seit Jahrhunderten vermehren Menschen weltweit ihr eigenes Saatgut zur Versorgung der Bev\u00f6lkerung und f\u00fcr den Eigengebrauch. Durch Selektion, Kreuzungen und durch die Weitergabe des Saatguts entstand eine Vielzahl samenfester Nutzpflanzen. Im Zuge der modernen Pflanzenz\u00fcchtung, &hellip;<\/p>\n<p class=\"read-more\"> <a class=\"more-link\" href=\"https:\/\/saatgutvielfalt.oebz.de\/index.php\/saatgut-festival\/5-saatgut-festival-2019\/\"> <span class=\"screen-reader-text\">5. Saatgut-Festival 2019<\/span> Weiterlesen &raquo;<\/a><\/p>\n","protected":false},"author":2,"featured_media":0,"parent":192,"menu_order":0,"comment_status":"closed","ping_status":"closed","template":"","meta":{"footnotes":""},"class_list":["post-680","page","type-page","status-publish","hentry"],"_links":{"self":[{"href":"https:\/\/saatgutvielfalt.oebz.de\/index.php\/wp-json\/wp\/v2\/pages\/680","targetHints":{"allow":["GET"]}}],"collection":[{"href":"https:\/\/saatgutvielfalt.oebz.de\/index.php\/wp-json\/wp\/v2\/pages"}],"about":[{"href":"https:\/\/saatgutvielfalt.oebz.de\/index.php\/wp-json\/wp\/v2\/types\/page"}],"author":[{"embeddable":true,"href":"https:\/\/saatgutvielfalt.oebz.de\/index.php\/wp-json\/wp\/v2\/users\/2"}],"replies":[{"embeddable":true,"href":"https:\/\/saatgutvielfalt.oebz.de\/index.php\/wp-json\/wp\/v2\/comments?post=680"}],"version-history":[{"count":2,"href":"https:\/\/saatgutvielfalt.oebz.de\/index.php\/wp-json\/wp\/v2\/pages\/680\/revisions"}],"predecessor-version":[{"id":683,"href":"https:\/\/saatgutvielfalt.oebz.de\/index.php\/wp-json\/wp\/v2\/pages\/680\/revisions\/683"}],"up":[{"embeddable":true,"href":"https:\/\/saatgutvielfalt.oebz.de\/index.php\/wp-json\/wp\/v2\/pages\/192"}],"wp:attachment":[{"href":"https:\/\/saatgutvielfalt.oebz.de\/index.php\/wp-json\/wp\/v2\/media?parent=680"}],"curies":[{"name":"wp","href":"https:\/\/api.w.org\/{rel}","templated":true}]}}