{"id":192,"date":"2021-02-11T16:56:32","date_gmt":"2021-02-11T15:56:32","guid":{"rendered":"https:\/\/test.oebz.de\/?page_id=192"},"modified":"2025-04-05T12:27:05","modified_gmt":"2025-04-05T11:27:05","slug":"saatgut-festival","status":"publish","type":"page","link":"https:\/\/saatgutvielfalt.oebz.de\/index.php\/saatgut-festival\/","title":{"rendered":"Saatgut-Festival"},"content":{"rendered":"\n<h2 class=\"wp-block-heading\">Vielfalt erhalten, Vielfalt genie\u00dfen!<br>Das Saatgut-Festival am \u00d6BZ<\/h2>\n\n\n\n<hr class=\"wp-block-separator has-css-opacity\"\/>\n\n\n<p><a href=\"https:\/\/saatgutvielfalt.oebz.de\/index.php\/saatgut-festival\/1-saatgut-festival-2015\/\"><img loading=\"lazy\" decoding=\"async\" class=\"alignnone wp-image-704\" src=\"https:\/\/saatgutvielfalt.oebz.de\/wp-content\/uploads\/2021\/04\/SGF2015_Karte.jpg\" alt=\"Saatgut-Festival 2015\" width=\"158\" height=\"224\" srcset=\"https:\/\/saatgutvielfalt.oebz.de\/wp-content\/uploads\/2021\/04\/SGF2015_Karte.jpg 630w, https:\/\/saatgutvielfalt.oebz.de\/wp-content\/uploads\/2021\/04\/SGF2015_Karte-211x300.jpg 211w, https:\/\/saatgutvielfalt.oebz.de\/wp-content\/uploads\/2021\/04\/SGF2015_Karte-100x142.jpg 100w, https:\/\/saatgutvielfalt.oebz.de\/wp-content\/uploads\/2021\/04\/SGF2015_Karte-150x213.jpg 150w, https:\/\/saatgutvielfalt.oebz.de\/wp-content\/uploads\/2021\/04\/SGF2015_Karte-200x284.jpg 200w, https:\/\/saatgutvielfalt.oebz.de\/wp-content\/uploads\/2021\/04\/SGF2015_Karte-300x427.jpg 300w, https:\/\/saatgutvielfalt.oebz.de\/wp-content\/uploads\/2021\/04\/SGF2015_Karte-450x640.jpg 450w, https:\/\/saatgutvielfalt.oebz.de\/wp-content\/uploads\/2021\/04\/SGF2015_Karte-600x853.jpg 600w\" sizes=\"auto, (max-width: 158px) 100vw, 158px\" \/><\/a>\u00a0<a href=\"https:\/\/saatgutvielfalt.oebz.de\/index.php\/saatgut-festival\/2-saatgut-festival-2016\/\"><img loading=\"lazy\" decoding=\"async\" class=\"alignnone wp-image-704\" src=\"https:\/\/saatgutvielfalt.oebz.de\/wp-content\/uploads\/2021\/04\/SF2016_Karte-A5-vorne.jpg\" alt=\"Saatgut-Festival 2016\" width=\"158\" height=\"224\" \/><\/a>\u00a0<a href=\"https:\/\/saatgutvielfalt.oebz.de\/index.php\/saatgut-festival\/3-saatgut-festival-2017\/\"><img loading=\"lazy\" decoding=\"async\" class=\"alignnone wp-image-704\" src=\"https:\/\/saatgutvielfalt.oebz.de\/wp-content\/uploads\/2021\/04\/SF2017_Karte-A5-vorne.jpg\" alt=\"Saatgut-Festival 2017\" width=\"158\" height=\"224\" \/><\/a>\u00a0<a href=\"https:\/\/saatgutvielfalt.oebz.de\/index.php\/saatgut-festival\/4-saatgut-festival-2018\/\"><img loading=\"lazy\" decoding=\"async\" class=\"alignnone wp-image-704\" src=\"https:\/\/saatgutvielfalt.oebz.de\/wp-content\/uploads\/2021\/04\/SF2018_Karte-A5-vorne.jpg\" alt=\"Saatgut-Festival 2018\" width=\"158\" height=\"224\" \/><\/a> <a href=\"https:\/\/saatgutvielfalt.oebz.de\/index.php\/saatgut-festival\/5-saatgut-festival-2019\/\"><img loading=\"lazy\" decoding=\"async\" class=\"alignnone wp-image-704\" src=\"https:\/\/saatgutvielfalt.oebz.de\/wp-content\/uploads\/2021\/04\/SGF2019_Karte-1.jpg\" alt=\"Saatgut-Festival 2019\" width=\"158\" height=\"224\" \/> <\/a><a href=\"https:\/\/saatgutvielfalt.oebz.de\/index.php\/saatgut-festival\/6-saatgut-festival-2020\/\"><img loading=\"lazy\" decoding=\"async\" class=\"alignnone wp-image-704\" src=\"https:\/\/saatgutvielfalt.oebz.de\/wp-content\/uploads\/2021\/04\/2020-03-08_Saatgut-Festival-OeBZ_Karte-A5-V_Annette_Hollaender.jpg\" alt=\"Saatgut-Festival 2020\" width=\"158\" height=\"224\" \/><\/a><a href=\"https:\/\/saatgutvielfalt.oebz.de\/index.php\/saatgut-festival\/7-saatgut-festival\/\"> <img loading=\"lazy\" decoding=\"async\" class=\"alignnone wp-image-975\" src=\"https:\/\/saatgutvielfalt.oebz.de\/wp-content\/uploads\/2025\/04\/SGF2025_Karte-A5-vorne_web-214x300.jpg\" alt=\"Saatgut-Festival 2025\" width=\"160\" height=\"224\" srcset=\"https:\/\/saatgutvielfalt.oebz.de\/wp-content\/uploads\/2025\/04\/SGF2025_Karte-A5-vorne_web-214x300.jpg 214w, https:\/\/saatgutvielfalt.oebz.de\/wp-content\/uploads\/2025\/04\/SGF2025_Karte-A5-vorne_web-730x1024.jpg 730w, https:\/\/saatgutvielfalt.oebz.de\/wp-content\/uploads\/2025\/04\/SGF2025_Karte-A5-vorne_web-768x1077.jpg 768w, https:\/\/saatgutvielfalt.oebz.de\/wp-content\/uploads\/2025\/04\/SGF2025_Karte-A5-vorne_web-1096x1536.jpg 1096w, https:\/\/saatgutvielfalt.oebz.de\/wp-content\/uploads\/2025\/04\/SGF2025_Karte-A5-vorne_web-100x140.jpg 100w, https:\/\/saatgutvielfalt.oebz.de\/wp-content\/uploads\/2025\/04\/SGF2025_Karte-A5-vorne_web-150x210.jpg 150w, https:\/\/saatgutvielfalt.oebz.de\/wp-content\/uploads\/2025\/04\/SGF2025_Karte-A5-vorne_web-200x280.jpg 200w, https:\/\/saatgutvielfalt.oebz.de\/wp-content\/uploads\/2025\/04\/SGF2025_Karte-A5-vorne_web-300x421.jpg 300w, https:\/\/saatgutvielfalt.oebz.de\/wp-content\/uploads\/2025\/04\/SGF2025_Karte-A5-vorne_web-450x631.jpg 450w, https:\/\/saatgutvielfalt.oebz.de\/wp-content\/uploads\/2025\/04\/SGF2025_Karte-A5-vorne_web-600x841.jpg 600w, https:\/\/saatgutvielfalt.oebz.de\/wp-content\/uploads\/2025\/04\/SGF2025_Karte-A5-vorne_web-900x1262.jpg 900w, https:\/\/saatgutvielfalt.oebz.de\/wp-content\/uploads\/2025\/04\/SGF2025_Karte-A5-vorne_web.jpg 1264w\" sizes=\"auto, (max-width: 160px) 100vw, 160px\" \/><\/a><\/p>\n\n\n<hr class=\"wp-block-separator has-css-opacity\"\/>\n\n\n\n<p>Seit Jahrhunderten vermehren Bauer und B\u00e4uerinnen, G\u00e4rtner und G\u00e4rtnerinnen weltweit ihr eigenes Saatgut zur Versorgung der Bev\u00f6lkerung sowie f\u00fcr den Eigengebrauch. \u00dcber diese b\u00e4uerliche Pflanzenz\u00fcchtung und die Weitergabe des Saatguts entstanden eine Vielzahl samenfester Nutzpflanzen, darunter unz\u00e4hlige regional angepasste Haus- und Hofsorten. Im Zuge der modernen Pflanzenz\u00fcchtung, die sich vorrangig auf die Anspr\u00fcche der industriellen Landwirtschaft ausrichtet, gehen nicht nur unsere alten und nachbauf\u00e4higen Gem\u00fcsesorten zugunsten von Hybrid-Z\u00fcchtungen verloren. Gleichzeitig verschwinden die Lebensr\u00e4ume vieler Insekten, darunter Wildbienen und Schmetterlinge, die f\u00fcr den Obst- und Gem\u00fcseanbau wichtige Best\u00e4uber darstellen. So steht die <strong>Erhaltung der Vielfalt unserer Kulturpflanzen<\/strong> in enger Abh\u00e4ngigkeit mit der <strong>Erhaltung der nat\u00fcrlichen Biodiversit\u00e4t<\/strong>.<\/p>\n\n\n\n<p>Die Kulturpflanzenvielfalt und ihr Erhalt sind auf Menschen angewiesen, die sich f\u00fcr dieses Thema begeistern k\u00f6nnen, die \u00fcber die entsprechenden Informationen verf\u00fcgen und geeignete Sorten in ihren G\u00e4rten anbauen. Das gro\u00dfe Stichwort hei\u00dft: <strong>Saatgutsouver\u00e4nit\u00e4t<\/strong>. Die politischen Zusammenh\u00e4nge zu verstehen, den \u00f6kologischen Bezug herzustellen, ein Bewu\u00dftsein f\u00fcr gute Ern\u00e4hrung zu bekommen und die Menschen daf\u00fcr zu gewinnen und zu begeistgern sind wichtige Ziele unserer Saatgut-Festivals am \u00d6BZ. Gerade in der Stadtbev\u00f6lkerung ist oft wenig Erfahrungshintergrund vorhanden, das Interesse hingegen gro\u00df. Dementsprechend braucht es Gelegenheiten, bei denen diese Informationen und Erfahrungen weitergegeben, geteilt und ausgetauscht werden k\u00f6nnen.<\/p>\n\n\n\n<p><strong>2015 fand das erste Saatgut-Festival am \u00d6BZ in M\u00fcnchen statt<\/strong> und wurde gleich zu einem gro\u00dfen Erfolg. W\u00e4ren 300 oder 400 G\u00e4ste gekommen, h\u00e4tten wir uns bereits gefreut. Es kamen fast 2.000! Das Haus platzte aus allen N\u00e4hten, sodass wir in den Folgejahren die Ausstellungsfl\u00e4che um ein gro\u00dfes Veranstaltungszelt erweiterten und zum Teil auch die Au\u00dfenfl\u00e4chen mit einbezogen haben. Inzwischen z\u00e4hlt das Saatgut-Festival am \u00d6BZ, das in der Regel am letzten Sonntag im Februar stattfindet, zu einer festen Gr\u00f6\u00dfe im Raum M\u00fcnchen.<\/p>\n\n\n\n<p>Das Organisationsteam besteht seit dem in erster Linie aus Mitarbeiter*innen des <strong>M\u00fcnchner Umwelt-Zentrum e.V. <\/strong>(MUZ) inklusive der Gruppe des <strong>Experimentiergartens im \u00d6BZ<\/strong> sowie Mitgliedern des <strong>VEN e.V.<\/strong>. Am Tag der Veranstaltung unterst\u00fctzen zudem zahlreiche Ehrenamtliche die Durchf\u00fchrung.<\/p>\n\n\n\n<p>Wir bedanken und beim Referat f\u00fcr Gesundheit und Umwelt der Landeshauptstadt M\u00fcnchen, sowie bei den vielen Unterst\u00fctzer*innen, Kooperationspartner*innen und Helfer*innen, die  zum Gelingen der Saatgut-Festivals beigetragen haben.<\/p>\n\n\n\n<figure class=\"wp-block-image size-large is-resized\"><img loading=\"lazy\" decoding=\"async\" width=\"732\" height=\"154\" src=\"https:\/\/saatgutvielfalt.oebz.de\/wp-content\/uploads\/2021\/04\/Biostadt_RGU.jpg\" alt=\"Biostadt M\u00fcnchen\" class=\"wp-image-672\" style=\"width:366px;height:77px\" srcset=\"https:\/\/saatgutvielfalt.oebz.de\/wp-content\/uploads\/2021\/04\/Biostadt_RGU.jpg 732w, https:\/\/saatgutvielfalt.oebz.de\/wp-content\/uploads\/2021\/04\/Biostadt_RGU-300x63.jpg 300w, https:\/\/saatgutvielfalt.oebz.de\/wp-content\/uploads\/2021\/04\/Biostadt_RGU-100x21.jpg 100w, https:\/\/saatgutvielfalt.oebz.de\/wp-content\/uploads\/2021\/04\/Biostadt_RGU-150x32.jpg 150w, https:\/\/saatgutvielfalt.oebz.de\/wp-content\/uploads\/2021\/04\/Biostadt_RGU-200x42.jpg 200w, https:\/\/saatgutvielfalt.oebz.de\/wp-content\/uploads\/2021\/04\/Biostadt_RGU-450x95.jpg 450w, https:\/\/saatgutvielfalt.oebz.de\/wp-content\/uploads\/2021\/04\/Biostadt_RGU-600x126.jpg 600w\" sizes=\"auto, (max-width: 732px) 100vw, 732px\" \/><\/figure>\n\n\n\n<p><\/p>\n","protected":false},"excerpt":{"rendered":"<p>Vielfalt erhalten, Vielfalt genie\u00dfen!Das Saatgut-Festival am \u00d6BZ \u00a0\u00a0\u00a0 Seit Jahrhunderten vermehren Bauer und B\u00e4uerinnen, G\u00e4rtner und G\u00e4rtnerinnen weltweit ihr eigenes Saatgut zur Versorgung der Bev\u00f6lkerung sowie f\u00fcr den Eigengebrauch. \u00dcber diese b\u00e4uerliche Pflanzenz\u00fcchtung und die Weitergabe des Saatguts entstanden eine &hellip;<\/p>\n<p class=\"read-more\"> <a class=\"more-link\" href=\"https:\/\/saatgutvielfalt.oebz.de\/index.php\/saatgut-festival\/\"> <span class=\"screen-reader-text\">Saatgut-Festival<\/span> Weiterlesen &raquo;<\/a><\/p>\n","protected":false},"author":2,"featured_media":0,"parent":0,"menu_order":0,"comment_status":"closed","ping_status":"closed","template":"full-width-page.php","meta":{"footnotes":""},"class_list":["post-192","page","type-page","status-publish","hentry"],"_links":{"self":[{"href":"https:\/\/saatgutvielfalt.oebz.de\/index.php\/wp-json\/wp\/v2\/pages\/192","targetHints":{"allow":["GET"]}}],"collection":[{"href":"https:\/\/saatgutvielfalt.oebz.de\/index.php\/wp-json\/wp\/v2\/pages"}],"about":[{"href":"https:\/\/saatgutvielfalt.oebz.de\/index.php\/wp-json\/wp\/v2\/types\/page"}],"author":[{"embeddable":true,"href":"https:\/\/saatgutvielfalt.oebz.de\/index.php\/wp-json\/wp\/v2\/users\/2"}],"replies":[{"embeddable":true,"href":"https:\/\/saatgutvielfalt.oebz.de\/index.php\/wp-json\/wp\/v2\/comments?post=192"}],"version-history":[{"count":26,"href":"https:\/\/saatgutvielfalt.oebz.de\/index.php\/wp-json\/wp\/v2\/pages\/192\/revisions"}],"predecessor-version":[{"id":978,"href":"https:\/\/saatgutvielfalt.oebz.de\/index.php\/wp-json\/wp\/v2\/pages\/192\/revisions\/978"}],"wp:attachment":[{"href":"https:\/\/saatgutvielfalt.oebz.de\/index.php\/wp-json\/wp\/v2\/media?parent=192"}],"curies":[{"name":"wp","href":"https:\/\/api.w.org\/{rel}","templated":true}]}}